{"id":468,"date":"2024-03-20T12:11:25","date_gmt":"2024-03-20T11:11:25","guid":{"rendered":"https:\/\/spanishadmin2.com\/staging\/4035\/?page_id=468"},"modified":"2025-03-12T12:46:06","modified_gmt":"2025-03-12T11:46:06","slug":"noticias-cambios-y-comentarios","status":"publish","type":"page","link":"https:\/\/spanishadmin2.com\/staging\/4035\/noticias-cambios-y-comentarios\/","title":{"rendered":"APORTACIONES DE LOS LECTORES"},"content":{"rendered":"\n<p class=\"\">Se invita a los lectores a compartir sus propuestas de mejora del contenido, de reformulaci\u00f3n de alguna parte, etc. As\u00ed mismo, es bienvenida cualquier informaci\u00f3n adicional que pueda complementar e iluminar cualquier tema abordado.<\/p>\n\n\n\n<div class=\"wp-block-comments\" style=\"margin-top:0;margin-bottom:0;padding-top:0;padding-right:0;padding-bottom:0;padding-left:0\">\n<div class=\"wp-block-buttons is-content-justification-center is-layout-flex wp-container-core-buttons-is-layout-a4423ac3 wp-block-buttons-is-layout-flex\" style=\"margin-top:var(--wp--preset--spacing--superbspacing-small);margin-bottom:var(--wp--preset--spacing--superbspacing-small)\">\n<div class=\"wp-block-button\"><a class=\"wp-block-button__link wp-element-button\" href=\"#comentar\">A\u00f1adir aportaci\u00f3n<\/a><\/div>\n<\/div>\n\n\n<ol style=\"padding-top:0;padding-bottom:0;margin-top:var(--wp--preset--spacing--superbspacing-small);margin-bottom:0;\" class=\"wp-block-comment-template\"><li id=\"comment-28\" class=\"comment even thread-even depth-1\">\n\n<div class=\"wp-block-columns are-vertically-aligned-top has-custom-color-2-background-color has-background nfd-wb-animate nfd-wb-fade-in-left-short nfd-delay-50 is-layout-flex wp-container-core-columns-is-layout-08b46bac wp-block-columns-is-layout-flex\" style=\"border-radius:6px;padding-top:var(--wp--preset--spacing--superbspacing-xxsmall);padding-right:var(--wp--preset--spacing--superbspacing-small);padding-bottom:var(--wp--preset--spacing--superbspacing-xsmall);padding-left:var(--wp--preset--spacing--superbspacing-xsmall)\">\n<div class=\"wp-block-column is-vertically-aligned-top is-layout-flow wp-block-column-is-layout-flow\" style=\"border-style:none;border-width:0px;border-radius:6px;padding-top:0;padding-right:0;padding-bottom:0;padding-left:0;box-shadow:none\">\n<div class=\"wp-block-group is-horizontal is-content-justification-left is-nowrap is-layout-flex wp-container-core-group-is-layout-85c98406 wp-block-group-is-layout-flex\" style=\"margin-top:0;margin-bottom:0;padding-top:0;padding-bottom:0\"><div style=\"font-size:clamp(14px, 0.875rem + ((1vw - 3.2px) * 0.455), 18px); padding-bottom:0;padding-top:0px;padding-right:0;margin-top:4px;\" class=\"has-link-color wp-elements-c0b71f3d7267e2ece71d9f1dd5343183 wp-block-comment-author-name has-text-color has-primary-color\">William<\/div>\n\n\n<figure class=\"wp-block-image aligncenter size-full is-resized wp-duotone-8c00b7-97256a-1\" style=\"margin-top:0;margin-right:0;margin-bottom:16px;margin-left:-18px\"><img decoding=\"async\" src=\"https:\/\/spanishadmin2.com\/staging\/4035\/wp-content\/uploads\/2024\/11\/chat-circle-dots-grey.svg\" alt=\"\" class=\"wp-image-1880\" style=\"width:24px;height:auto\"\/><\/figure>\n<\/div>\n\n\n\n<div class=\"wp-block-group is-layout-flex wp-block-group-is-layout-flex\" style=\"margin-top:0px;margin-bottom:0px\"><div class=\"wp-block-comment-date has-small-font-size\"><time datetime=\"2025-04-01T08:18:33+02:00\"><a href=\"https:\/\/spanishadmin2.com\/staging\/4035\/noticias-cambios-y-comentarios\/#comment-28\">01\/04\/2025<\/a><\/time><\/div>\n\n<\/div>\n\n\n<div class=\"wp-block-comment-content\"><p>El salario m\u00ednimo interprofesional (SMI) para 2025 es de 16.576 euros.<\/p>\n<\/div>\n\n<\/div>\n<\/div>\n\n<\/li><\/ol>\n\n\n\n\n<div id=\"comentar\" class=\"wp-block-group has-global-padding is-layout-constrained wp-block-group-is-layout-constrained\">\t<div id=\"respond\" class=\"comment-respond wp-block-post-comments-form\">\n\t\t<h3 id=\"reply-title\" class=\"comment-reply-title\">\u2800<\/h3><form action=\"https:\/\/spanishadmin2.com\/staging\/4035\/wp-comments-post.php\" method=\"post\" id=\"commentform\" class=\"comment-form\"><p class=\"comment-notes\">\r\n\t<span id=\"email-notes\"> \u2800 <\/span><\/p><p class=\"comment-form-comment\">\r\n\t<label for=\"comment\">Aportaci\u00f3n <span class=\"required\">*<\/span><\/label>\r\n\t<textarea id=\"comment\" name=\"comment\" placeholder=\" \" cols=\"45\" rows=\"8\" maxlength=\"65525\" required=\"required\" spellcheck=\"false\"><\/textarea> <\/p><p class=\"comment-form-author\">\r\n\t\t<label for=\"author\">Nombre <span class=\"required\">*<\/span><\/label>\r\n\t\t<input id=\"author\" name=\"author\" type=\"text\" placeholder=\" \" value=\"\" size=\"30\" maxlength=\"245\" autocomplete=\"name\" required=\"required\"><\/p>\n<p class=\"form-submit wp-block-button\"><input name=\"submit\" type=\"submit\" id=\"submit\" class=\"wp-block-button__link wp-element-button\" value=\"Publicar el comentario\" \/> <input type='hidden' name='comment_post_ID' value='468' id='comment_post_ID' \/>\n<input type='hidden' name='comment_parent' id='comment_parent' value='0' \/>\n<\/p> <p class=\"comment-form-aios-antibot-keys\"><input type=\"hidden\" name=\"4gt3mbr7\" value=\"afuuh52jytph\" ><input type=\"hidden\" name=\"9n2597br\" value=\"7sn2787rqvp5\" ><input type=\"hidden\" name=\"t1jtce9y\" value=\"dwkv05wl0tg6\" ><input type=\"hidden\" name=\"aios_antibot_keys_expiry\" id=\"aios_antibot_keys_expiry\" value=\"1775865600\"><\/p><\/form>\t<\/div><!-- #respond -->\n\t<\/div>\n<\/div>\n\n\n\n<div class=\"nfd-p-card-md nfd-gap-xl nfd-shadow-xs  nfd-rounded is-style-nfd-theme-light wp-block-group is-content-justification-space-between is-nowrap is-layout-flex wp-container-core-group-is-layout-cb46ffcb wp-block-group-is-layout-flex\">\n<p class=\"has-text-color has-link-color has-superbfont-large-font-size wp-elements-5b53abb5ffde10a1b51d1cd9b741583b\" style=\"color:#e6e6e8\">\ud83d\udec8<\/p>\n\n\n\n<p class=\"nfd-text-base nfd-text-faded\" style=\"padding-right:0;padding-left:var(--wp--preset--spacing--superbspacing-xxsmall);line-height:1.7\">Editorial Tapscott se reserva el derecho de no publicar comentarios que no se ajusten al tema de la p\u00e1gina, as\u00ed como a publicar solamente aquellos fragmentos destacados de las aportaciones demasiado largas.<\/p>\n\n\n\n<div class=\"wp-block-columns is-layout-flex wp-container-core-columns-is-layout-28f84493 wp-block-columns-is-layout-flex\">\n<div class=\"wp-block-column is-layout-flow wp-block-column-is-layout-flow\" style=\"padding-top:0;padding-right:0;padding-bottom:0;padding-left:0;flex-basis:66.66%\"><\/div>\n<\/div>\n<\/div>\n\n\n\n<p class=\"\"><\/p>\n","protected":false},"excerpt":{"rendered":"<p>Se invita a los lectores a compartir sus propuestas de mejora del contenido, de reformulaci\u00f3n de alguna parte, etc. As\u00ed mismo, es bienvenida cualquier informaci\u00f3n adicional que pueda complementar e iluminar cualquier tema abordado. \ud83d\udec8 Editorial Tapscott se reserva el derecho de no publicar comentarios que no se ajusten al tema de la p\u00e1gina, as\u00ed [&hellip;]<\/p>\n","protected":false},"author":1,"featured_media":0,"parent":0,"menu_order":0,"comment_status":"open","ping_status":"closed","template":"","meta":{"nf_dc_page":"","iawp_total_views":1,"footnotes":""},"class_list":["post-468","page","type-page","status-publish","hentry"],"_links":{"self":[{"href":"https:\/\/spanishadmin2.com\/staging\/4035\/wp-json\/wp\/v2\/pages\/468","targetHints":{"allow":["GET"]}}],"collection":[{"href":"https:\/\/spanishadmin2.com\/staging\/4035\/wp-json\/wp\/v2\/pages"}],"about":[{"href":"https:\/\/spanishadmin2.com\/staging\/4035\/wp-json\/wp\/v2\/types\/page"}],"author":[{"embeddable":true,"href":"https:\/\/spanishadmin2.com\/staging\/4035\/wp-json\/wp\/v2\/users\/1"}],"replies":[{"embeddable":true,"href":"https:\/\/spanishadmin2.com\/staging\/4035\/wp-json\/wp\/v2\/comments?post=468"}],"version-history":[{"count":54,"href":"https:\/\/spanishadmin2.com\/staging\/4035\/wp-json\/wp\/v2\/pages\/468\/revisions"}],"predecessor-version":[{"id":2432,"href":"https:\/\/spanishadmin2.com\/staging\/4035\/wp-json\/wp\/v2\/pages\/468\/revisions\/2432"}],"wp:attachment":[{"href":"https:\/\/spanishadmin2.com\/staging\/4035\/wp-json\/wp\/v2\/media?parent=468"}],"curies":[{"name":"wp","href":"https:\/\/api.w.org\/{rel}","templated":true}]}}