{"id":3,"date":"2024-03-07T08:33:00","date_gmt":"2024-03-07T08:33:00","guid":{"rendered":"http:\/\/box5882\/cgi\/addon_GT.cgi?s=GT::WP::Install::Cpanel+%28ufwldjmy%29+-+127.0.0.1+%5Bnocaller%5D\/?page_id=3"},"modified":"2025-09-16T10:48:09","modified_gmt":"2025-09-16T08:48:09","slug":"privacy-policy","status":"publish","type":"page","link":"https:\/\/spanishadmin2.com\/staging\/4035\/privacy-policy\/","title":{"rendered":"AVISOS LEGALES"},"content":{"rendered":"\n<p id=\"Condicionesdeuso\" class=\"\"><strong>CONDICIONES DE USO DE LA WEB<\/strong><\/p>\n\n\n\n<p class=\"\">1.- Estas Condiciones de Uso regulan el acceso y utilizaci\u00f3n de la p\u00e1gina web <a href=\"http:\/\/www.spanishadmin2.com\">www.spanishadmin2.com<\/a>, (redirecci\u00f3n de la p\u00e1gina libro-rrhh.es) (en adelante, \u00abla Web\u00bb), propiedad de WILLIAM TIMOTHY TAPSCOTT SIMMONS (en adelante, \u00abEditorial Tapscott\u00bb, dado que es su nombre comercial), con domicilio social sito en calle Bilbao, n.\u00b0 21-23, 08005 Barcelona y NIF 31.921.579-V. El acceso a la misma implica la aceptaci\u00f3n sin reservas de las presentes Condiciones de Uso. Cabe se\u00f1alar que Editorial Tapscott puede ofrecer, a trav\u00e9s de la Web, servicios sometidos a condiciones particulares de las cuales se informar\u00e1 al usuario en cada caso concreto.<\/p>\n\n\n\n<p class=\"\">2.- Editorial Tapscott no ser\u00e1 responsable del uso que el usuario realice en la Web. De la misma forma, tampoco tendr\u00e1 la obligaci\u00f3n de verificar la identidad de los clientes ni la veracidad, vigencia, exhaustividad y\/o autenticidad de los datos que los clientes proporcionen.<\/p>\n\n\n\n<p class=\"\">3.- Editorial Tapscott se reserva el derecho de editar o eliminar aportaciones de los usuarios en la Web.<\/p>\n\n\n\n<p class=\"\">4.- Editorial Tapscott no se har\u00e1 responsable de los da\u00f1os y perjuicios de cualquier tipo que pudieran desencadenarse por la utilizaci\u00f3n de los servicios y de los contenidos por parte de los usuarios o clientes relacionados con la falta de veracidad, vigencia, exhaustividad y\/o autenticidad de la informaci\u00f3n que proporcionen de s\u00ed mismos ni, en particular, aunque no de forma exclusiva, por los da\u00f1os y perjuicios de cualquier tipo que puedan deberse a la suplantaci\u00f3n de la personalidad de un tercero efectuada por un usuario en cualquier clase de comunicaci\u00f3n realizada a trav\u00e9s de la Web.<\/p>\n\n\n\n<p class=\"\">5.- Editorial Tapscott no garantiza ni controla la ausencia de virus ni de otros elementos provenientes de su p\u00e1gina web que puedan producir alteraciones en el sistema inform\u00e1tico del usuario y no se har\u00e1 responsable de los da\u00f1os y perjuicios que puedan causar en el sistema inform\u00e1tico, documentos electr\u00f3nicos o ficheros del cliente.<\/p>\n\n\n\n<p class=\"\">6.- Todos los contenidos de la p\u00e1gina web son titularidad exclusiva de Editorial Tapscott y, con car\u00e1cter enunciativo y no limitativo, de todos los derechos de propiedad intelectual e industrial de los productos ofertados y, en el mismo sentido, de todas las im\u00e1genes y textos contenidos en la misma. La \u00fanica excepci\u00f3n en materia de titularidad es el dise\u00f1o de la portada del libro, que es propiedad de Joaquim Col\u00e1s Alvarez. Quedan expresamente reservados todos los derechos sobre los mismos, as\u00ed como prohibidas su reproducci\u00f3n y distribuci\u00f3n con fines comerciales.<\/p>\n\n\n\n<p class=\"\">7.- La Web no emplea <em>cookies<\/em>, por lo que no existe una pol\u00edtica de <em>cookies<\/em>.<\/p>\n\n\n\n<p class=\"\">8.- Editorial Tapscott no garantiza la disponibilidad ni la continuidad del funcionamiento de la Web y de los servicios ofertados. Del mismo modo, Editorial Tapscott se reserva el derecho a cambiar su URL en cualquier momento, lo que podr\u00eda provocar una desconexi\u00f3n con el servidor web. Editorial Tapscott no se har\u00e1 responsable de los da\u00f1os y perjuicios de cualquier tipo que pudieran originarse debidos a la falta de disponibilidad o de continuidad del funcionamiento de la Web y, en particular, aunque no de modo exclusivo, a los fallos en el acceso a la misma.<\/p>\n\n\n\n<p class=\"\"><strong>CONDICIONES GENERALES DE LA CONTRATACI\u00d3N<\/strong><\/p>\n\n\n\n<p class=\"\"><strong><em>1.-Aplicabilidad de las presentes condiciones a todos los servicios prestados por Editorial Tapscott a trav\u00e9s de www.spanishadmin2.com<\/em><\/strong> <strong>(redirecci\u00f3n de la p\u00e1gina web www.libro-rrhh.es)<\/strong><\/p>\n\n\n\n<p class=\"\">1.1.- Las presentes Condiciones Generales de Contrataci\u00f3n (en adelante, \u00abCGC\u00bb) son establecidas, de una parte, por WILLIAM TIMOTHY TAPSCOTT SIMMONS, (en adelante, \u00abEditorial Tapscott\u00bb, dado que es su nombre comercial), con domicilio social sito en calle Bilbao, n.\u00b0 21-23, 08005 Barcelona, con NIF 31.921.579-V y, de otra parte, por el usuario, cliente, o visitante de la p\u00e1gina web <a href=\"http:\/\/www.spanishadmin2.com\">www.spanishadmin2.com<\/a>, (redirecci\u00f3n de la p\u00e1gina libro-rrhh.es) (en adelante, \u00abel Cliente\u00bb o \u00abel Usuario\u00bb).<\/p>\n\n\n\n<p class=\"\">1.2.- Todos los servicios ofertados por Editorial Tapscott estar\u00e1n sujetos \u00fanica y exclusivamente a las presentes CGC. El Cliente acepta que las relaciones comerciales con Editorial Tapscott se rijan por las presentes condiciones, lo que anula cualquier otro acuerdo verbal o escrito al que se pudiera haber llegado con anterioridad. De la misma forma, Editorial Tapscott acepta la relaci\u00f3n comercial con el Cliente exclusivamente sobre la base de las presentes CGC. Su aplicaci\u00f3n es un elemento esencial de la relaci\u00f3n contractual.&nbsp;<\/p>\n\n\n\n<p class=\"\">1.3.- Editorial Tapscott se reserva la facultad de poder modificar las presentes CGC en todo momento y sin previo aviso simplemente publicando las modificaciones en su p\u00e1gina web www.spanishadmin2.com (en adelante, \u00abla Web\u00bb). Asimismo, se reserva el derecho de negociar directamente con el cliente condiciones especiales para transacciones concretas y no recurrentes.<\/p>\n\n\n\n<p class=\"\">1.4.- El Cliente manifiesta que es mayor de edad y que tiene plena capacidad de obrar, as\u00ed como la capacidad jur\u00eddica necesaria para establecer contratos de conformidad con la legislaci\u00f3n de su pa\u00eds para contratar los servicios ofertados. De igual modo, declara que sabe leer y que ha entendido el contenido de las cl\u00e1usulas aplicables en las presentes CGC.<\/p>\n\n\n\n<p class=\"\"><strong><em>2.- Contrataci\u00f3n a trav\u00e9s de la Web<\/em><\/strong><\/p>\n\n\n\n<p class=\"\">2.1.- Todos los productos ofertados en la Web aparecer\u00e1n con una descripci\u00f3n de sus caracter\u00edsticas y precios de los mismos.<\/p>\n\n\n\n<p class=\"\">2.2.- Los precios indicados en la Web se especificar\u00e1n en euros e incluir\u00e1n el IVA y cualquier otro impuesto aplicable.<\/p>\n\n\n\n<p class=\"\">2.3.- Editorial Tapscott se reserva el derecho a decidir qu\u00e9 productos o servicios se ofertan a trav\u00e9s de la Web, as\u00ed como a a\u00f1adir nuevos y suprimir o modificar los ofertados.<\/p>\n\n\n\n<p class=\"\">Igualmente, se reserva el derecho de cambiar, en cualquier momento y sin previo aviso, cualquier elemento de la Web, incluyendo los precios, m\u00e9todos de env\u00edo del producto, pol\u00edticas de venta y pol\u00edticas de privacidad, entre otros.<\/p>\n\n\n\n<p class=\"\">No obstante lo anterior, se mantendr\u00e1n los compromisos de pol\u00edticas precedentes ya adquiridos con el Usuario, salvo imperativo legal contrario.<\/p>\n\n\n\n<p class=\"\"><strong><em>3.- M\u00e9todo de pago<\/em><\/strong><\/p>\n\n\n\n<p class=\"\">3.1.- El pago de los servicios ofertados se realizar\u00e1 mediante transferencia bancaria, tarjeta de cr\u00e9dito o d\u00e9bito a trav\u00e9s de la pasarela virtual de pago gestionada por Stripe o mediante servicio de pago por PayPal.<\/p>\n\n\n\n<p class=\"\">3.2.- El uso fraudulento de tarjetas de cr\u00e9dito o la denegaci\u00f3n de la operaci\u00f3n de cobro por cualquier causa dar\u00e1 derecho a Editorial Tapscott a rescindir la contrataci\u00f3n realizada, sin perjuicio de las responsabilidades civiles y penales que pudieran corresponder.<\/p>\n\n\n\n<p class=\"\"><strong><em>4.- Servicios ofertados<\/em><\/strong><\/p>\n\n\n\n<p class=\"\">4.1.- El producto ofertado por Editorial Tapscott es el libro titulado <em>C\u00d3MO ADMINISTRAR UNA EMPRESA EN ESPA\u00d1A \u2013 RECURSOS HUMANOS.<\/em><\/p>\n\n\n\n<p class=\"\">4.2.- Los servicios se prestar\u00e1n en los t\u00e9rminos, precios, forma, modo y circunstancias que se indican.<\/p>\n\n\n\n<p class=\"\"><strong><em>5.- Derecho de desistimiento<\/em><\/strong><\/p>\n\n\n\n<p class=\"\">5.1.- De conformidad con lo establecido en la Ley 3\/2014, de 27 de marzo, por la que se modifica el texto refundido de la Ley General para la Defensa de los Consumidores y Usuarios y otras leyes complementarias, aprobado por el Real Decreto Legislativo 1\/2007, de 16 de noviembre, el Cliente podr\u00e1 ejercer los derechos conferidos en la citada normativa, y, en concreto, ejercer el derecho a revocaci\u00f3n en el plazo m\u00e1ximo de 14 d\u00edas desde la contrataci\u00f3n del servicio, sin incurrir en penalizaci\u00f3n ni gasto de tipo alguno.<\/p>\n\n\n\n<p class=\"\">5.2.- A fin de poder ejercer su derecho de revocaci\u00f3n, el Cliente deber\u00e1 enviar un correo electr\u00f3nico a la direcci\u00f3n electr\u00f3nica <a href=\"mailto:wtapscott@gmx.es\">wtapscott@gmx.es<\/a> dentro del plazo anteriormente se\u00f1alado. En un plazo m\u00e1ximo de treinta d\u00edas, Editorial Tapscott reembolsar\u00e1 las cantidades recibidas.<\/p>\n\n\n\n<p class=\"\"><strong><em>6.- T\u00e9rminos de venta. Pol\u00edtica de anulaciones y devoluciones<\/em><\/strong><\/p>\n\n\n\n<p class=\"\">6.1.- No se realizar\u00e1n ni aceptar\u00e1n pedidos fuera del territorio peninsular nacional espa\u00f1ol.<\/p>\n\n\n\n<p class=\"\">6.2.- Los pedidos realizados a trav\u00e9s de la Web no se considerar\u00e1n aceptados hasta que no se reciba la confirmaci\u00f3n del pago del precio del producto por parte del Cliente.<\/p>\n\n\n\n<p class=\"\">6.3.- Una vez aceptado el pedido, se proceder\u00e1 al env\u00edo del producto. El tiempo de entrega depender\u00e1 de la empresa de transporte utilizada. El plazo de entrega se contabilizar\u00e1 en d\u00edas laborables.<\/p>\n\n\n\n<p class=\"\">Si el pedido no est\u00e1 disponible o no se entrega al Cliente en un plazo de quince d\u00edas laborables, este tendr\u00e1 derecho al reembolso del importe abonado en su totalidad sin cargo adicional alguno. Lo anterior no ser\u00e1 aplicable cuando el retraso o la falta de entrega se deba a un error del Cliente al facilitar los datos esenciales para la entrega.<\/p>\n\n\n\n<p class=\"\">6.4.- Transcurrido el plazo previsto para el ejercicio del derecho de desistimiento, Editorial Tapscott NO se har\u00e1 cargo de los defectos que presente el producto y NO se efectuar\u00e1 devoluci\u00f3n alguna.<\/p>\n\n\n\n<p class=\"\">Editorial Tapscott tampoco se har\u00e1 cargo de los da\u00f1os ocasionados en el producto que sean imputables a la empresa transportista.<\/p>\n\n\n\n<p class=\"\"><strong><em>7.- Obligaciones de Editorial Tapscott<\/em><\/strong><\/p>\n\n\n\n<p class=\"\">7.1.- Editorial Tapscott se obliga a realizar un uso l\u00edcito de los servicios sin contravenir la legislaci\u00f3n vigente ni lesionar los derechos o intereses de terceras personas.<\/p>\n\n\n\n<p class=\"\">7.2.- Editorial Tapscott declara y garantiza que los productos que transmite son de su propiedad y que puede disponer libremente de los mismos, as\u00ed como que no vulnera derecho alguno de terceros.<\/p>\n\n\n\n<p class=\"\"><strong><em>8.- Obligaciones del Cliente<\/em><\/strong><\/p>\n\n\n\n<p class=\"\">8.1.- El Cliente se obliga a realizar un uso l\u00edcito de los servicios sin contravenir la legislaci\u00f3n vigente, ni lesionar los derechos e intereses de terceras personas.<\/p>\n\n\n\n<p class=\"\">8.2.- El Cliente garantiza la veracidad y exactitud de los datos facilitados al cumplimentar los formularios de contrataci\u00f3n, evitando as\u00ed causar perjuicios a Editorial Tapscott fruto de la incorrecci\u00f3n de los mismos.<\/p>\n\n\n\n<p class=\"\">8.3.- El Cliente deber\u00e1 abonar el precio del producto en el momento de la realizaci\u00f3n de la compra.<\/p>\n\n\n\n<p class=\"\"><strong><em>9.- Quejas y comunicaciones<\/em><\/strong><\/p>\n\n\n\n<p class=\"\">9.1.- En el caso de que el Cliente desee comunicar alguna incidencia o efectuar alguna reclamaci\u00f3n, podr\u00e1 hacerlo mediante correo electr\u00f3nico a la direcci\u00f3n <a href=\"mailto:wtapscott@gmx.es\">wtapscott@gmx.es<\/a>.<\/p>\n\n\n\n<p class=\"\"><strong><em>10.- Legislaci\u00f3n<\/em><\/strong><\/p>\n\n\n\n<p class=\"\">10.1.- La legislaci\u00f3n aplicable al presente contrato de prestaci\u00f3n de servicios ser\u00e1 la legislaci\u00f3n espa\u00f1ola. En el supuesto de que surja cualquier conflicto o discrepancia en la interpretaci\u00f3n o aplicaci\u00f3n de las presentes condiciones contractuales, los juzgados y tribunales que, en su caso, conocer\u00e1n del asunto, ser\u00e1n los que dispongan la normativa legal aplicable en materia de jurisdicci\u00f3n competente.<\/p>\n\n\n\n<p class=\"\"><strong>&nbsp;POL\u00cdTICA DE PROTECCI\u00d3N DE DATOS<\/strong><\/p>\n\n\n\n<p class=\"\">1.- Dando cumplimiento a la Ley Org\u00e1nica 3\/2018, de 5 de diciembre, de Protecci\u00f3n de Datos Personales y garant\u00eda de los derechos digitales, se informa de que Editorial Tapscott garantiza la seguridad de los datos personales y la seguridad en la implementaci\u00f3n de las relaciones comerciales mediante la protecci\u00f3n de los mismos, lo que protege la confidencialidad de los usuarios que acceden a sus servicios.<\/p>\n\n\n\n<p class=\"\">2.- Los datos de car\u00e1cter personal que se solicitan en los formularios se incluir\u00e1n en un fichero de datos personales cuyo responsable y titular es Editorial Tapscott.<\/p>\n\n\n\n<p class=\"\">Asimismo, se informa de que cuando una persona rellene cualquiera de los formularios con los datos personales que se solicitan y acepta su env\u00edo, autoriza expresamente a Editorial Tapscott a tratar o incorporar en el fichero automatizado de su propiedad sus datos personales facilitados en el referido formulario, as\u00ed como todos los datos que se generen en relaci\u00f3n con su participaci\u00f3n o uso de los diferentes productos o servicios que se ofrecen en Editorial Tapscott.<\/p>\n\n\n\n<p class=\"\">Salvo que espec\u00edficamente se establezca lo contrario, se considerar\u00e1 necesario cumplimentar todos los campos del formulario para el proceso de venta, para lo cual el usuario deber\u00e1 rellenar los campos con datos verdaderos, exactos, completos y actualizados. El usuario ser\u00e1 el \u00fanico responsable de cualquier da\u00f1o o perjuicio, directo e indirecto, que ocasione a Editorial Tapscott o a terceros por haber indicado en los formularios datos falsos, inexactos, incompletos, no actualizados o con datos de terceros.<\/p>\n\n\n\n<p class=\"\">3.- Los datos personales son la informaci\u00f3n que una persona proporciona a otra, ya sea f\u00edsica o jur\u00eddica, con la finalidad de identificarse y poder recibir los servicios solicitados. Los datos solicitados ser\u00e1n los estrictamente necesarios para la consecuci\u00f3n de las diferentes finalidades, las cu\u00e1les se desglosan en el punto 5.<\/p>\n\n\n\n<p class=\"\">De una manera general, la Web recoge los siguientes datos personales de los formularios:<\/p>\n\n\n\n<p style=\"padding-top:0;padding-right:var(--wp--preset--spacing--superbspacing-medium);padding-bottom:0;padding-left:var(--wp--preset--spacing--superbspacing-medium)\" class=\"\">&#8211; Correos electr\u00f3nicos para la notificaci\u00f3n de la primera versi\u00f3n en ingl\u00e9s.<\/p>\n\n\n\n<p style=\"padding-top:0;padding-right:var(--wp--preset--spacing--superbspacing-medium);padding-bottom:0;padding-left:var(--wp--preset--spacing--superbspacing-medium)\" class=\"\">&#8211; Nombres y apellidos, correos electr\u00f3nicos, y direcciones postales para la entrega de libros.<\/p>\n\n\n\n<p style=\"padding-top:0;padding-right:var(--wp--preset--spacing--superbspacing-medium);padding-bottom:0;padding-left:var(--wp--preset--spacing--superbspacing-medium)\" class=\"\">&#8211; Nombres y apellidos, NIF, NIE o DNI y direcciones postales para la emisi\u00f3n de facturas, y correos electr\u00f3nicos y direcciones postales para el env\u00edo de las mismas.<\/p>\n\n\n\n<p style=\"padding-top:0;padding-right:var(--wp--preset--spacing--superbspacing-medium);padding-bottom:0;padding-left:var(--wp--preset--spacing--superbspacing-medium)\" class=\"\">&#8211; Nombres y apellidos de las personas que publican aportaciones.<\/p>\n\n\n\n<p style=\"padding-top:0;padding-right:var(--wp--preset--spacing--superbspacing-medium);padding-bottom:0;padding-left:var(--wp--preset--spacing--superbspacing-medium)\" class=\"\">&#8211; Nombres y apellidos y correos electr\u00f3nicos indicados en el formulario de contacto.<\/p>\n\n\n\n<p class=\"\">4.- La utilizaci\u00f3n de la Web no est\u00e1 dirigida a menores de edad y, por consiguiente, estos deber\u00e1n abstenerse de facilitar cualquier informaci\u00f3n de car\u00e1cter personal. En este sentido, Editorial Tapscott recomienda la utilizaci\u00f3n de la Web y de su aplicaci\u00f3n a personas mayores de edad. Para ello, Editorial Tapscott se reserva el derecho a comprobar en cualquier momento la edad de los usuarios de la Web y de su aplicaci\u00f3n.<\/p>\n\n\n\n<p class=\"\">5. \u2013 La informaci\u00f3n detallada sobre el tratamiento de datos personales en la Web en funci\u00f3n de la finalidad para la que se facilitan es la siguiente:<\/p>\n\n\n\n<p class=\"\"><em>Correos electr\u00f3nicos para la notificaci\u00f3n de ediciones en ingl\u00e9s<\/em><\/p>\n\n\n\n<p class=\"\">Se almacenar\u00e1n los correos electr\u00f3nicos de las personas que, de forma voluntaria, lo indiquen para mantenerse informadas de las novedades en los productos ofertados. Se almacenar\u00e1n como m\u00e1ximo dos a\u00f1os.<\/p>\n\n\n\n<p class=\"\"><em>Informaci\u00f3n recogida para la entrega de los libros<\/em><\/p>\n\n\n\n<p class=\"\">La informaci\u00f3n contenida en los formularios se utilizar\u00e1 para la entrega de los libros y, por lo tanto, ser\u00e1 puesta a disposici\u00f3n de la empresa transportista que corresponda. Editorial Tapscott no se hace responsable del uso y tratamiento de los datos por parte de dichas empresas.&nbsp;<\/p>\n\n\n\n<p class=\"\">Con el objetivo de atender posibles reclamaciones, Editorial Tapscott almacenar\u00e1 estos datos personales durante un periodo m\u00e1ximo de tres a\u00f1os. Los nombres y c\u00f3digos postales se emplear\u00e1n para construir estad\u00edsticas sobre las localizaciones geogr\u00e1ficas y los tipos de entidades a los que pertenecen los compradores.<\/p>\n\n\n\n<p class=\"\"><em>Informaci\u00f3n recogida para la factura<\/em><\/p>\n\n\n\n<p class=\"\">Las facturas se conservar\u00e1n un m\u00e1ximo de siete a\u00f1os de acuerdo con la legislaci\u00f3n vigente. Solo se extraer\u00e1n datos de estos documentos por imperativo legal y para desarrollar estad\u00edsticas sobre el volumen de ventas por tipo de entidad y localizaci\u00f3n geogr\u00e1fica.<\/p>\n\n\n\n<p class=\"\"><em>Informaci\u00f3n recogida desde el formulario de aportaciones<\/em><\/p>\n\n\n\n<p class=\"\">Editorial Tapscott podr\u00e1 hacer uso de todas las aportaciones recibidas y se reserva el derecho a gestionarlas sin compensaci\u00f3n ninguna para el autor de la aportaci\u00f3n. En caso de que se publiquen algunas de estas aportaciones, Editorial Tapscott no se responsabiliza del uso que el p\u00fablico pueda hacer de ellas posteriormente.<\/p>\n\n\n\n<p class=\"\">6.- Los datos relacionados con las tarjetas bancarias para Stripe y los datos para procesar los pagos de Paypal se env\u00edan directamente a estas entidades sin almacenar la informaci\u00f3n en ninguna parte de la Web, que solo facilita la conexi\u00f3n.<\/p>\n\n\n\n<p class=\"\">7.- El usuario podr\u00e1 ejercer sus derechos de acceso, rectificaci\u00f3n, supresi\u00f3n, oposici\u00f3n, limitaci\u00f3n al tratamiento y portabilidad de sus datos, as\u00ed como la revocaci\u00f3n, en cualquier momento, de los consentimientos, en su caso, prestados ante Editorial Tapscott.<\/p>\n\n\n\n<p class=\"\">En este \u00e1mbito, se entiende el derecho de acceso como el derecho a dirigirse al responsable del tratamiento de los datos para conocer si est\u00e1 tratando o no sus datos de car\u00e1cter personal, y, en el caso que se estuviera realizando dicho tratamiento, podr\u00e1 conocer la finalidad, adem\u00e1s de obtener una copia de sus datos personales, entre otros.<\/p>\n\n\n\n<p class=\"\">El derecho de rectificaci\u00f3n se refiere al derecho a modificar los datos que resulten incompletos o inexactos.<\/p>\n\n\n\n<p class=\"\">El derecho de supresi\u00f3n se entiende como el derecho que tiene el usuario a que se supriman los datos que resulten inadecuados o excesivos, pudiendo conservar el responsable los datos identificativos del afectado necesarios con el fin de impedir tratamientos futuros para fines de mercadot\u00e9cnica directa.<\/p>\n\n\n\n<p class=\"\">El derecho de oposici\u00f3n otorga la facultad de solicitar que no se lleve a cabo el tratamiento de los datos de car\u00e1cter personal o el cese del mismo. Por otro lado, el derecho de limitaci\u00f3n al tratamiento habilita al usuario a solicitar la limitaci\u00f3n del tratamiento de los datos personales.<\/p>\n\n\n\n<p class=\"\">El derecho a la portabilidad concede la posibilidad de solicitar al responsable que transmita sus datos a otro responsable del tratamiento o al mismo interesado, mediante un formato estructurado de uso habitual y lectura mec\u00e1nica, cuando el tratamiento se efect\u00fae por medios automatizados.<\/p>\n\n\n\n<p class=\"\">Los interesados, podr\u00e1n ejercer dichos derechos y la revocaci\u00f3n de los consentimientos prestados en cualquier momento enviando una carta dirigida a Editorial Tapscott o un correo electr\u00f3nico a <a href=\"mailto:wtapscott@gmx.es\">wtapscott@gmx.es<\/a> para tratamientos efectuados por esta empresa. En este sentido, se informa a los usuarios que tienen a su disposici\u00f3n modelos para ejercer sus derechos en la p\u00e1gina web de la Agencia Espa\u00f1ola de Protecci\u00f3n de Datos: <a href=\"https:\/\/www.aepd.es\/es\/derechos-y-deberes\/conoce-tus-derechos\">https:\/\/www.aepd.es\/es\/derechos-y-deberes\/conoce-tus-derechos<\/a>.<\/p>\n\n\n\n<p class=\"\"><\/p>\n","protected":false},"excerpt":{"rendered":"<p>CONDICIONES DE USO DE LA WEB 1.- Estas Condiciones de Uso regulan el acceso y utilizaci\u00f3n de la p\u00e1gina web www.spanishadmin2.com, (redirecci\u00f3n de la p\u00e1gina libro-rrhh.es) (en adelante, \u00abla Web\u00bb), propiedad de WILLIAM TIMOTHY TAPSCOTT SIMMONS (en adelante, \u00abEditorial Tapscott\u00bb, dado que es su nombre comercial), con domicilio social sito en calle Bilbao, n.\u00b0 21-23, [&hellip;]<\/p>\n","protected":false},"author":1,"featured_media":0,"parent":0,"menu_order":0,"comment_status":"closed","ping_status":"open","template":"","meta":{"nf_dc_page":"","iawp_total_views":0,"footnotes":""},"class_list":["post-3","page","type-page","status-publish","hentry"],"_links":{"self":[{"href":"https:\/\/spanishadmin2.com\/staging\/4035\/wp-json\/wp\/v2\/pages\/3","targetHints":{"allow":["GET"]}}],"collection":[{"href":"https:\/\/spanishadmin2.com\/staging\/4035\/wp-json\/wp\/v2\/pages"}],"about":[{"href":"https:\/\/spanishadmin2.com\/staging\/4035\/wp-json\/wp\/v2\/types\/page"}],"author":[{"embeddable":true,"href":"https:\/\/spanishadmin2.com\/staging\/4035\/wp-json\/wp\/v2\/users\/1"}],"replies":[{"embeddable":true,"href":"https:\/\/spanishadmin2.com\/staging\/4035\/wp-json\/wp\/v2\/comments?post=3"}],"version-history":[{"count":17,"href":"https:\/\/spanishadmin2.com\/staging\/4035\/wp-json\/wp\/v2\/pages\/3\/revisions"}],"predecessor-version":[{"id":2672,"href":"https:\/\/spanishadmin2.com\/staging\/4035\/wp-json\/wp\/v2\/pages\/3\/revisions\/2672"}],"wp:attachment":[{"href":"https:\/\/spanishadmin2.com\/staging\/4035\/wp-json\/wp\/v2\/media?parent=3"}],"curies":[{"name":"wp","href":"https:\/\/api.w.org\/{rel}","templated":true}]}}